ainder when n is divided by 10?
9
Suppose h = f - 7, -4*f + 0 = -5*h - 31. Suppose -2*m + 40 = -0*m. Suppose d + m = 3*d. What is the remainder when d is divided by f?
2
Let i be (14/(-4))/((-1)/6). Let c = i + -12. Let p = 8 + c. Calculate the remainder when 32 is divided by p.
15
Let d = -8 + 6. What is the remainder when 33 is divided by ((-90)/(-25))/(d/(-5))?
6
Let v = -5 - -7. Suppose -v*w - 30 - 4 = 0. Let y = 47 + w. Calculate the remainder when y is divided by 16.
14
Suppose 4*x - w = 11, 3*x - 5 = w + 3. Calculate the remainder when 15 is divided by x.
0
Let j(z) = z**3 + 5*z**2 - 2*z + 10. Let l = -34 + 29. Calculate the remainder when 79 is divided by j(l).
19
Suppose 5*j - 107 = 63. Let b = j - 40. Let s = b - -11. What is the remainder when 13 is divided by s?
3
What is the remainder when 314/4 + 228/(-24) + 10 is divided by 14?
9
Let x(d) = -5*d + d + 25 + 4*d - d. Suppose -6*c + 396 = -2*c. Calculate the remainder when c is divided by x(0).
24
Suppose 5*h = -108*s + 109*s + 5, -3*s - 4*h + 80 = 0. Let a = -9 - -17. What is the remainder when s is divided by a?
4
Let b = 142 + -132. Suppose 16 = 5*u - 9. What is the remainder when b is divided by u?
0
Suppose 2*a - 2*b = 112, -5*a - 3*b + 266 = -54. Let y = a + -35. Calculate the remainder when 49 is divided by y.
23
Let n = 79 + -55. Suppose -2*z + 724 = -t + 5*t, 0 = 3*t + 5*z - 550. What is the remainder when 9 is divided by 47/15 - n/t?
0
Suppose 2*d + 5*n - 14 = 0, -5*n + 9*n = -2*d + 16. What is the remainder when 117 is divided by d?
9
Let r(o) = o - 52. Let c be r(0). Let u = c - -90. Calculate the remainder when 113 is divided by u.
37
Let z be (2 - -2) + -2 + -149. Let v = z + 217. Calculate the remainder when v is divided by 12.
10
Let r = -4 + 8. Let y be 5704/(-32) + 1/r. Calculate the remainder when y/(-8) - 5/20 is divided by 8.
6
Suppose -25*d + 1710 = 13*d. What is the remainder when 449 is divided by d?
44
Let i = -47 - -48. What is the remainder when 22 is divided by 7 + (3/(-2 + -1))/i?
4
Suppose -5*q + 4*c + 27 + 125 = 0, 5*q + c - 162 = 0. Suppose -4 = -2*b - 0. Suppose -a + b = -9. What is the remainder when q is divided by a?
10
Let d(t) = 23*t - 433. Calculate the remainder when d(37) is divided by 70.
68
Let f = -89 - -177. What is the remainder when 348 is divided by f?
84
What is the remainder when 169 is divided by (10/(-20) - 2)/((-1)/2)?
4
Let x = -37 - -53. Let p(z) = z**2 - 14*z - 20. What is the remainder when p(x) is divided by 6?
0
Suppose -3*x - 20 + 89 = 0. Suppose 0 = 2*r + 2, d - 2 = -0*r + 3*r. Let c = 7 - d. Calculate the remainder when x is divided by c.
7
Let h = 254 + -248. Calculate the remainder when 57 is divided by h.
3
Let p(r) be the third derivative of r**4/2 - r**3/6 - 3*r**2. Let f be p(-3). Let v = -21 - f. Calculate the remainder when 31 is divided by v.
15
Let i(y) = 10*y - 120. Let t be 2/1 + (-1 - -1). Suppose t*s - 6*s = -72. What is the remainder when s is divided by i(13)?
8
Suppose -5*w + 34 = 2*r - 114, 52 = r - 3*w. Suppose -3*y - 4*a = -0*y - r, 3*y = 3*a + 36. What is the remainder when y is divided by 7?
2
Let p(z) = -z**3 + 13*z**2 - 13*z - 76. What is the remainder when 229 is divided by p(11)?
22
Let p = 252 + -248. Suppose -3*y + 10 = -23. What is the remainder when y is divided by p?
3
Suppose 0 = -5*p + w - 4*w + 138, -2*p - 4*w = -58. Let g = p + 4. Calculate the remainder when 120 is divided by g.
27
Suppose -8 = 5*i - 63. Let f(z) = -8*z + 1. Let w be f(1). Let n = w + i. What is the remainder when 13 is divided by n?
1
Suppose 0*v - 20 = -5*v. Suppose v*k - 5*m - 56 = 0, 3*k = -0*k - 4*m + 42. Calculate the remainder when 40 is divided by k.
12
Let a(z) = -49*z - 7. Let c be a(-13). Suppose -2*n = -5*r + 651, -4*r = r + 5*n - c. What is the remainder when r is divided by 26?
25
Suppose -3*w = -5*o - 135, -2*o + 5*o = 0. Let a = 17 + -5. What is the remainder when w is divided by a?
9
Suppose 12*n - 4127 - 6697 = 0. What is the remainder when n is divided by 21?
20
Let c = 12 + -12. Suppose -6*g + 3*g - 3*q = c, 4 = -3*g - 2*q. What is the remainder when 1 is divided by (-1 + (-6)/g)*2?
0
Suppose -59*a = -74*a + 5385. Calculate the remainder when a is divided by 10.
9
Let p(n) = -3*n**3 - 19*n**2 + 10*n + 10. Calculate the remainder when p(-7) is divided by 9.
2
Let m(k) = -5*k - 12. Let i be m(-3). Suppose 4*r - 9 = 2*y - 3, -r = -5*y + i. What is the remainder when 13 is divided by r?
1
Let m = -318 + 755. Calculate the remainder when m is divided by 144.
5
Suppose -4 - 80 = -4*w. What is the remainder when 24 is divided by w?
3
Let a(h) = -13*h + 24. Let m be a(6). Let p = m + 68. Suppose -17 = -5*x + 253. Calculate the remainder when x is divided by p.
12
Suppose 12*w + 24 = 15*w. Calculate the remainder when 20/8*(1 + 5) is divided by w.
7
Suppose -17*n - 1206 = -21*n - o, -5*n - 2*o = -1509. Calculate the remainder when n is divided by 89.
34
Suppose 5*x = -5*h - 235, 5*h = -2*x + 13 - 98. Let z = x - -78. Suppose 2*n + z = 3*n. What is the remainder when 109 is divided by n?
25
Let o be (90/(-21))/((-14)/49). Let c = o + -1. What is the remainder when 52 is divided by c?
10
Suppose -1 = m - 4. Suppose -5*u - 31 = -m*i, 4*i - 2*u + u - 30 = 0. What is the remainder when (22/(-3))/(18/(-81)) is divided by i?
5
Let h = -778 + 783. Calculate the remainder when 119 is divided by h.
4
Suppose 5*w + 3*u - 527 = 4*u, 5*u + 303 = 3*w. Calculate the remainder when w is divided by 18.
16
Calculate the remainder when (2 + 0)*(2530/10 + -2) is divided by 42.
40
Suppose 0 = 5*l - 39 - 86. What is the remainder when l is divided by (-1 - (-65)/91)/(1/(-63))?
7
Let x be 18/4 - (-15)/(-30). Suppose -v + 63 = x*b, 3*b - 82 = -2*b + 2*v. What is the remainder when 143 is divided by b?
15
Let j(o) = -o**2 - 7*o + 27. Let k be j(-9). Suppose 75 = h - i, -3*i - k = 3. Calculate the remainder when h is divided by 18.
17
Suppose 0 = 2*k - 25 - 111. Let x be 20/30 - (-58)/3. Calculate the remainder when (-5)/(x/k)*-1 is divided by 6.
5
Suppose 4*z - 65 = -5*a + 5*z, 3*z = -2*a + 9. Suppose -p - a = -3*p. Calculate the remainder when 28 is divided by p.
4
Let z(v) = -v**3 - 16*v**2 + 2*v + 33. What is the remainder when 3 is divided by z(-16)?
0
What is the remainder when -28*1*5/(-2) is divided by ((-12)/(-10))/(2 - 29/15)?
16
Suppose 0 = 2*a - l - 12, 3*l = 2*l - 2. Suppose 3*k = -3*x + 21, -4*x + 7 + 3 = -a*k. What is the remainder when x is divided by 2?
1
Let d(p) = -2 + 19*p + 1 + 0. What is the remainder when 68 is divided by d(1)?
14
Suppose -b = 5*n - 114, b + 37 = n + 13. Suppose 4*m = m + 5*i - 473, 2*m + 309 = -3*i. Let r = m + 224. Calculate the remainder when r is divided by n.
22
Let n(y) = -y - 5. Suppose -2*l - 1 = -35. Let c = -13 + l. Calculate the remainder when c is divided by n(-8).
1
Suppose 114 = 3*w - 66. Let j(a) = -30*a - 686. What is the remainder when w is divided by j(-24)?
26
Suppose -53 = 4*c - d, 26 = -3*c - 0*d - 2*d. Let u(s) = s**2 + 11*s + 23. What is the remainder when 69 is divided by u(c)?
34
Suppose 3*w + 972 = -3*w. Let d = w + 176. Calculate the remainder when (-3)/6 - 270/(-4) is divided by d.
11
Let o = -313 + 345. What is the remainder when 415 is divided by o?
31
Let v(p) = 10*p**2 + 12*p - 36. Calculate the remainder when v(7) is divided by 9.
7
Let n(c) = 71*c + 29. Let a be n(-11). Calculate the remainder when a/(-14) + 1/21*6 is divided by 28.
26
Suppose 67 = 5*r - 3. Let q(c) be the second derivative of -c**4/12 - 5*c**3/3 + 9*c**2/2 - 14*c. Calculate the remainder when r is divided by q(-10).
5
Suppose 2 = 2*y, -5*j + 4*y + 83 = -2*j. Let o(w) = -21*w**3 + w. Let v be o(1). Let s = v + 36. Calculate the remainder when j is divided by s.
13
Suppose 100 = -3*w + 262. Let a = -21 + w. What is the remainder when 97 is divided by a?
31
Suppose -3*c + 4*d + 378 = 0, 156 = -2*c + 5*d + 408. Calculate the remainder when c is divided by 22.
16
Suppose -4*o - 46 = -2*r, 4*r + 6*o - 84 = 10*o. What is the remainder when 64 is divided by r?
7
Suppose -2 = -m + 8. Suppose 43*o - 680 = 3*o. What is the remainder when o is divided by m?
7
Let z = 99 - 99. Suppose -2*x = 5*i - 315, -i - 4*x + 71 - 8 = z. Calculate the remainder when i is divided by 13.
11
Suppose -4 + 54 = -5*o. L